 98978838731 prime?
True
Is 61040333141 a composite number?
True
Is 1107940129 composite?
False
Is 24575162303 a composite number?
False
Is 12051498449 a prime number?
True
Is 51125037241 a prime number?
False
Is 1601529373 a prime number?
True
Is 119949053617 composite?
False
Is 144857519 composite?
True
Is 1124344933 a prime number?
False
Is 139632229 composite?
True
Is 325893589 prime?
False
Is 52930732837 prime?
True
Is 315084109 composite?
True
Is 21188509817 a composite number?
False
Is 28916879379 prime?
False
Is 64366065947 a composite number?
False
Is 11312706043 composite?
False
Is 2845583699 prime?
False
Is 3028684159 a composite number?
True
Is 271480723 a prime number?
True
Is 363004295 a prime number?
False
Is 1508512231 prime?
True
Is 5643100537 composite?
True
Is 90743339 a composite number?
False
Is 259924799 prime?
True
Is 245380709 prime?
False
Is 480123373 prime?
False
Is 8273092193 a composite number?
True
Is 23000995583 a composite number?
False
Is 114736681 a composite number?
False
Is 446890889 a prime number?
False
Is 31771065787 prime?
False
Is 72950192351 a prime number?
True
Is 1026555473 composite?
False
Is 7281471599 composite?
False
Is 4706393599 a composite number?
True
Is 89708486765 prime?
False
Is 1456535181 a prime number?
False
Is 2577939583 composite?
False
Is 26414237845 a composite number?
True
Is 485789335 a prime number?
False
Is 2464807481 prime?
False
Is 807293749 composite?
False
Is 15455854041 a composite number?
True
Is 2202407651 a composite number?
False
Is 5705015321 a composite number?
False
Is 2795581 a composite number?
True
Is 501999637 prime?
True
Is 16359653 prime?
False
Is 382589887 a composite number?
False
Is 222398810519 a composite number?
False
Is 12129203 composite?
True
Is 115994903 composite?
False
Is 4276101799 a prime number?
True
Is 1426972091 a composite number?
False
Is 413011499 prime?
False
Is 14607164401 a prime number?
False
Is 3197599123 a prime number?
False
Is 7864500199 a composite number?
True
Is 397866473 a prime number?
True
Is 3531707873 prime?
True
Is 6411966949 composite?
False
Is 22902133193 prime?
False
Is 11768987471 composite?
False
Is 251053169 a composite number?
True
Is 1143433619 composite?
False
Is 42326357527 a prime number?
False
Is 40688715427 a prime number?
True
Is 619825273 composite?
False
Is 62883480229 prime?
True
Is 11390733919 a composite number?
False
Is 16484301629 prime?
False
Is 28940855023 a composite number?
True
Is 877686899 prime?
True
Is 2400957607 a composite number?
False
Is 7652162753 a prime number?
False
Is 21400597957 a prime number?
True
Is 31533358561 a composite number?
True
Is 805518223 composite?
True
Is 14224119407 prime?
False
Is 5064968617 a composite number?
False
Is 69619909273 composite?
False
Is 169924471 composite?
True
Is 1438312997 composite?
True
Is 6920081173 composite?
False
Is 3730875887 composite?
False
Is 4538832229 prime?
True
Is 31041320677 composite?
False
Is 3873395653 a composite number?
True
Is 18357582779 composite?
True
Is 13766485121 a composite number?
False
Is 3006053257 prime?
True
Is 13783511023 prime?
True
Is 9064061177 a composite number?
False
Is 96835561 a prime number?
True
Is 552945600247 prime?
False
Is 1698721993 prime?
False
Is 8782311713 composite?
True
Is 375990287 a prime number?
True
Is 91876301063 a composite number?
False
Is 88859206451 composite?
False
Is 18816025057 a prime number?
True
Is 531078641 a composite number?
False
Is 23995787689 a composite number?
True
Is 1151862209 a composite number?
False
Is 2792386843 prime?
True
Is 294904433 a prime number?
False
Is 321390961 a composite number?
False
Is 18458603837 composite?
False
Is 6369741341 a composite number?
False
Is 16087927549 a prime number?
False
Is 9560762249 composite?
True
Is 8325822481 composite?
True
Is 2323031173 prime?
True
Is 1819878371 a prime number?
True
Is 458571941 a composite number?
False
Is 918220957 a composite number?
False
Is 89634839039 a composite number?
False
Is 279734079 a prime number?
False
Is 430346459 a composite number?
False
Is 48395506759 composite?
False
Is 10418346877 composite?
False
Is 2226920323 a composite number?
False
Is 29978504453 composite?
False
Is 1110270563 a prime number?
True
Is 2093112914 a prime number?
False
Is 12417020401 a composite number?
False
Is 19501183661 a composite number?
True
Is 39918545507 a prime number?
True
Is 374338729 prime?
True
Is 493334903 a composite number?
True
Is 15914992823 a composite number?
False
Is 19018029923 a composite number?
True
Is 104334836429 prime?
True
Is 35444327 prime?
False
Is 9684601411 a composite number?
True
Is 33216013399 composite?
False
Is 785399501 prime?
False
Is 156134580257 a prime number?
True
Is 2568874279 a composite number?
False
Is 10502365513 a composite number?
False
Is 28880534713 prime?
True
Is 300718633 a composite number?
False
Is 7367237554 prime?
False
Is 6514309453 composite?
False
Is 301870611947 a composite number?
True
Is 128584843 composite?
False
Is 28543692817 composite?
True
Is 167173934 a prime number?
False
Is 12230521601 composite?
False
Is 4006477171 prime?
True
Is 98063947 prime?
False
Is 876740399 a composite number?
True
Is 1058813641 prime?
True
Is 18441772183 prime?
True
Is 4457184019 prime?
False
Is 402109571 a composite number?
False
Is 176180561 composite?
False
Is 191699229541 composite?
False
Is 34854497287 a prime number?
True
Is 280517271 a composite number?
True
Is 155609 a composite number?
False
Is 689291369 prime?
False
Is 1830091511 a prime number?
True
Is 930309277 prime?
True
Is 5786475343 a prime number?
False
Is 4429743859 prime?
False
Is 3858942673 composite?
True
Is 647312531 composite?
False
Is 3669316289 a composite number?
True
Is 55996057463 prime?
True
Is 7603705069 a composite number?
False
Is 5598252827 composite?
True
Is 145207153447 a composite number?
False
Is 1474330799 composite?
False
Is 94114787857 a composite number?
True
Is 800031019 a prime number?
True
Is 686489809 composite?
True
Is 1247844827 prime?
True
Is 101976913 a composite number?
True
Is 156171100567 a prime number?
False
Is 3076714087 prime?
False
Is 3754706927 prime?
False
Is 48070548821 composite?
False
Is 10557785993 a prime number?
False
Is 2113189247 a prime number?
False
Is 60451493 a prime number?
True
Is 5972152169 a prime number?
False
Is 94789151 a prime number?
False
Is 69745608697 a composite number?
True
Is 54003502471 prime?
False
Is 7216628855 a composite number?
True
Is 263280079 composite?
False
Is 4576716839 a prime number?
True
Is 27023560879 a composite number?
True
Is 2554600147 composite?
True
Is 43044935743 composite?
False
Is 493630573 a composite number?
True
Is 1387591561 composite?
True
Is 88985651 a composite number?
False
Is 1733809541 a prime number?
True
Is 97266629 a prime number?
True
Is 2394907639 composite?
False
Is 11376547703 composite?
True
Is 41678625049 composite?
True
Is 79241490637 composite?
False
Is 26090110157 a composite number?
True
Is 15212330039 a prime number?
True
Is 5220073913 a prime number?
False
Is 7311552817 prime?
True
Is 10335291313 composite?
False
Is 164659220567 a composite number?
False
Is 190940489 prime?
True
Is 104068248211 composite?
False
Is 33192839 prime?
False
Is 383491247 prime?
True
Is 116134321459 prime?
False
Is 113610934787 prime?
False
Is 5695523555 a composite number?
True
Is 28976243915 composite?
True
Is 1747701199 prime?
False
Is 1175558803 a composite number?
False
Is 2530315007 a composite number?
True
Is 15945738493 a prime number?
True
Is 1147033123 a prime number?
True
Is 1669794023 a composite number?
False
Is 404710249 composite?
False
Is 3218505883 a prime number?
True
Is 45223151351 a composite number?
True
Is 61564676671 composite?
True
Is 386604269 a composite number?
False
Is 197488619 a composite number?
False
Is 599461969 prime?
True
Is 15158143613 prime?
True
Is 56776376843 a composite number?
False
Is 3668059133 a composite number?
True
Is 7355686669 composite?
False
Is 38567938133 prime?
True
Is 2425283281 a composite number?
True
Is 431556779 a composite number?
False
Is 2209685089 a composite number?
False
Is 48160432121 composite?
False
Is 38170874513 prime?
False
Is 4185669281 prime?
